?
True
Is 10750859 prime?
False
Is 132210821 a prime number?
True
Is 86496335 a composite number?
True
Is 153398653 prime?
True
Is 14853233 a composite number?
True
Is 4172962 composite?
True
Is 351918497 prime?
False
Is 7311869 a prime number?
False
Is 70709357 a composite number?
True
Is 2358809 composite?
True
Is 644681 a prime number?
False
Is 35717455 prime?
False
Is 128448193 a composite number?
False
Is 55498661 a composite number?
False
Is 19257313 prime?
False
Is 4140859 a prime number?
False
Is 2126203 a prime number?
True
Is 56211653 composite?
False
Is 13301879 prime?
True
Is 368199179 a composite number?
True
Is 67905443 a prime number?
False
Is 78683951 a prime number?
True
Is 99436021 composite?
True
Is 8448551 a composite number?
False
Is 8529023 a composite number?
False
Is 151969789 composite?
True
Is 59260841 composite?
True
Is 217874333 prime?
True
Is 41438141 a prime number?
True
Is 7071307 a prime number?
False
Is 47004241 a composite number?
True
Is 556067 a composite number?
False
Is 589349 a prime number?
True
Is 2271551 composite?
False
Is 10716787 a composite number?
True
Is 12862078 a composite number?
True
Is 533638579 a composite number?
True
Is 5544809 composite?
False
Is 46956242 a prime number?
False
Is 44157419 a composite number?
True
Is 19396127 a composite number?
False
Is 417999079 a prime number?
False
Is 4158779 composite?
False
Is 411653621 composite?
False
Is 32004641 prime?
False
Is 33013247 composite?
False
Is 204077 prime?
False
Is 100447 prime?
True
Is 9297713 composite?
False
Is 321187 a prime number?
True
Is 58798169 a prime number?
True
Is 4503089 composite?
True
Is 6977423 composite?
True
Is 9783339 a prime number?
False
Is 7145587 prime?
True
Is 7007701 composite?
True
Is 2078431 composite?
False
Is 2401583 a composite number?
False
Is 75622237 a composite number?
True
Is 154554397 a composite number?
False
Is 226 a prime number?
False
Is 6039139 a prime number?
True
Is 37210961 prime?
True
Is 5945659 a prime number?
True
Is 3599809 a composite number?
True
Is 80914039 a prime number?
False
Is 114200461 composite?
False
Is 27094181 a prime number?
False
Is 527501357 prime?
True
Is 434648107 composite?
False
Is 381785909 composite?
True
Is 28918561 a composite number?
True
Is 2127883 a composite number?
False
Is 31838761 prime?
True
Is 14087957 a composite number?
True
Is 130160179 composite?
False
Is 74539733 prime?
False
Is 972941 a composite number?
False
Is 335550037 a prime number?
True
Is 15538871 a prime number?
True
Is 25060709 a prime number?
False
Is 20828723 a prime number?
False
Is 109177 a prime number?
False
Is 3289229 a prime number?
True
Is 4388971 composite?
False
Is 2575891 a prime number?
False
Is 558749 a composite number?
True
Is 226858421 a composite number?
True
Is 35495701 prime?
True
Is 24282523 a composite number?
False
Is 478321 a prime number?
True
Is 2161883 a prime number?
True
Is 553630181 a composite number?
True
Is 13377937 a composite number?
False
Is 5921218 composite?
True
Is 1113859 a prime number?
True
Is 5053039 a composite number?
False
Is 6296183 composite?
False
Is 43059287 a prime number?
False
Is 267373 composite?
False
Is 44690839 a prime number?
True
Is 226753 composite?
False
Is 2003377 a composite number?
True
Is 4592459 a prime number?
False
Is 4409695 composite?
True
Is 774703 a prime number?
True
Is 85079557 a composite number?
False
Is 291999377 composite?
True
Is 19401653 composite?
True
Is 15033223 a composite number?
True
Is 35364397 a prime number?
False
Is 12130463 a prime number?
True
Is 4285693 composite?
False
Is 2676334 a prime number?
False
Is 2249861 a prime number?
True
Is 19294397 a composite number?
False
Is 713059937 prime?
True
Is 7617109 a composite number?
False
Is 6515719 composite?
True
Is 24502657 prime?
True
Is 92713629 prime?
False
Is 266039 prime?
False
Is 9828547 prime?
True
Is 7168123 a prime number?
False
Is 631525589 prime?
False
Is 570727 a prime number?
False
Is 3042653 a composite number?
False
Is 67270667 a composite number?
False
Is 2320277 prime?
False
Is 1304783 a composite number?
False
Is 27888071 prime?
True
Is 122730857 composite?
True
Is 242592199 a composite number?
False
Is 3716047 composite?
True
Is 52185721 a composite number?
True
Is 17919481 a composite number?
True
Is 12723497 a prime number?
False
Is 121218169 a prime number?
True
Is 465214 a composite number?
True
Is 23089219 a composite number?
False
Is 20614427 a composite number?
False
Is 6658787 a composite number?
False
Is 207526521 prime?
False
Is 133812893 a prime number?
True
Is 115775657 composite?
False
Is 1070733383 a prime number?
True
Is 379966397 prime?
True
Is 47549281 a composite number?
True
Is 142982219 composite?
False
Is 20144411 composite?
True
Is 16439299 a prime number?
False
Is 9105298 composite?
True
Is 5223557 composite?
False
Is 365051 composite?
True
Is 91973419 a composite number?
False
Is 3028435 a composite number?
True
Is 3622447 a prime number?
False
Is 501229 a composite number?
False
Is 18508241 a composite number?
True
Is 4530301 a prime number?
True
Is 299158 a prime number?
False
Is 129154121 composite?
False
Is 2479409 a prime number?
True
Is 116841443 a prime number?
False
Is 63001451 a composite number?
False
Is 648751769 composite?
False
Is 166748209 a composite number?
True
Is 4902686 a prime number?
False
Is 109853161 a composite number?
True
Is 119723983 a prime number?
True
Is 1076131 prime?
False
Is 4317395 prime?
False
Is 257837393 a composite number?
True
Is 60838642 prime?
False
Is 3428221 composite?
True
Is 47957573 composite?
False
Is 109902279 a composite number?
True
Is 2946563 a prime number?
True
Is 142130921 prime?
True
Is 1753579 a prime number?
True
Is 30942469 a prime number?
False
Is 195053983 a composite number?
False
Is 16902767 composite?
True
Is 782572381 a composite number?
False
Is 3701395 a prime number?
False
Is 21126509 prime?
False
Is 620623 prime?
True
Is 23299291 prime?
True
Is 324649139 prime?
True
Is 2298631 a prime number?
True
Is 11221135 composite?
True
Is 223591897 composite?
False
Is 485753 prime?
True
Is 3578459 prime?
False
Is 17142971 composite?
True
Is 6048857 a composite number?
True
Is 290861 composite?
False
Is 2095469 composite?
True
Is 267230129 a prime number?
False
Is 22695605 prime?
False
Is 36743501 composite?
False
Is 7687619 prime?
True
Is 2049491 prime?
True
Is 20119219 a composite number?
False
Is 481513 composite?
False
Is 16924823 a prime number?
True
Is 35433023 prime?
True
Is 393761 prime?
True
Is 149278781 composite?
True
Is 421035595 a prime number?
False
Is 10408921 prime?
False
Is 15534011 composite?
False
Is 103583393 a composite number?
False
Is 26191507 a prime number?
True
Is 17662663 a prime number?
False
Is 6940513 prime?
True
Is 152340445 prime?
False
Is 32443337 prime?
True
Is 1007997 a prime number?
False
Is 3446717 composite?
False
Is 699113 composite?
False
Is 1239133 prime?
False
Is 1356781 a composite number?
True
Is 405395513 prime?
True
Is 3663377 a prime number?
True
Is 86185171 a prime number?
True
Is 7720795 a composite number?
True
Is 90538765 prime?
False
Is 367367191 a composite number?
True
Is 11759705 a composite number?
True
Is 32606701 composite?
True
Is 245801 composite?
True
Is 70667771 a prime number?
True
Is 593473 a prime number?
True
Is 26555143 a composite number?
True
Is 47324993 prime?
True
Is 10966603 a composite number?
False
Is 110123683 composite?
False
Is 32671741 composite?
True
Is 38187817 composite?
False
Is 2255291 a prime number?
True
Is 1261371535 composite?
True
Is 712444739 a prime number?
True
Is 469322279 a composite number?
True
Is 5484209 prime?
False
Is 8552339 composite?
False
Is 4397959 a prime number?
True
Is 9327049 a composite number?
True
Is 23801903 composite?
False
Is 106972583 prime?
True
Is 5986889 a prime number?
True
Is 7062659 a composite number?
False
Is 250609 a prime number?
False
Is 63222683 a prime number?
True
Is 133132565 composite?
True
Is 3043951 a composite number?
False
Is 705553 a prime number?
False
Is 228369919 prime?
False
Is 17389777 a composite number?
True
Is 103131877 a prime number?
False
Is 113017193 a prime number?
False
Is 316907067 a prime number?
Fa